housands digit of 163653199?
6
What is the thousands digit of 258259644?
9
What is the tens digit of 133544162?
6
What is the hundred thousands digit of 124831223?
8
What is the ten millions digit of 325688739?
2
What is the hundred thousands digit of 20033245?
0
What is the hundreds digit of 124319755?
7
What is the millions digit of 66423791?
6
What is the hundreds digit of 19080708?
7
What is the ten millions digit of 2368398390?
6
What is the millions digit of 847458734?
7
What is the ten millions digit of 1791495062?
9
What is the hundred millions digit of 985577724?
9
What is the hundreds digit of 168280280?
2
What is the hundred thousands digit of 80739480?
7
What is the thousands digit of 524829176?
9
What is the hundred thousands digit of 120116544?
1
What is the thousands digit of 74347247?
7
What is the ten millions digit of 173012031?
7
What is the hundred thousands digit of 214308732?
3
What is the ten millions digit of 1229254492?
2
What is the units digit of 188401764?
4
What is the millions digit of 1912425584?
2
What is the units digit of 32071511?
1
What is the thousands digit of 2215630947?
0
What is the tens digit of 602854140?
4
What is the ten thousands digit of 7175260?
7
What is the ten thousands digit of 20469544?
6
What is the millions digit of 801893470?
1
What is the ten millions digit of 265738215?
6
What is the ten thousands digit of 165037049?
3
What is the thousands digit of 117988581?
8
What is the thousands digit of 135255347?
5
What is the units digit of 1212229915?
5
What is the millions digit of 94794519?
4
What is the hundreds digit of 659753602?
6
What is the thousands digit of 33770156?
0
What is the hundreds digit of 62561392?
3
What is the millions digit of 46625959?
6
What is the millions digit of 861572195?
1
What is the tens digit of 55510591?
9
What is the hundred thousands digit of 23313585?
3
What is the thousands digit of 681757108?
7
What is the units digit of 59942479?
9
What is the units digit of 259429488?
8
What is the hundreds digit of 24582354?
3
What is the hundred millions digit of 436079563?
4
What is the hundreds digit of 86527670?
6
What is the hundred thousands digit of 3857230733?
2
What is the hundred thousands digit of 230186412?
1
What is the thousands digit of 147783464?
3
What is the millions digit of 52965069?
2
What is the millions digit of 40923203?
0
What is the ten thousands digit of 1428706490?
0
What is the hundred thousands digit of 73153138?
1
What is the thousands digit of 788835970?
5
What is the hundred millions digit of 3017868179?
0
What is the tens digit of 806319546?
4
What is the hundred thousands digit of 753079313?
0
What is the units digit of 219110528?
8
What is the thousands digit of 330934076?
4
What is the tens digit of 723686954?
5
What is the millions digit of 702107951?
2
What is the hundred thousands digit of 9629300?
6
What is the millions digit of 91835795?
1
What is the tens digit of 3763455393?
9
What is the units digit of 77858131?
1
What is the ten millions digit of 266757977?
6
What is the billions digit of 1953836177?
1
What is the thousands digit of 56722958?
2
What is the hundred thousands digit of 15279547?
2
What is the units digit of 621364715?
5
What is the tens digit of 54719109?
0
What is the ten thousands digit of 18804533?
0
What is the thousands digit of 1009480063?
0
What is the hundred millions digit of 3661714710?
6
What is the hundreds digit of 142690848?
8
What is the hundred thousands digit of 21343745?
3
What is the ten thousands digit of 36106487?
0
What is the ten millions digit of 151269824?
5
What is the thousands digit of 504446576?
6
What is the millions digit of 52310233?
2
What is the thousands digit of 76723441?
3
What is the units digit of 34009746?
6
What is the ten millions digit of 2962709999?
6
What is the ten thousands digit of 40527314?
2
What is the hundreds digit of 3117698963?
9
What is the tens digit of 274490954?
5
What is the units digit of 811740459?
9
What is the units digit of 2085713901?
1
What is the hundred thousands digit of 31508376?
5
What is the hundred thousands digit of 1909874?
9
What is the ten millions digit of 57683294?
5
What is the hundred thousands digit of 593385764?
3
What is the ten millions digit of 890024631?
9
What is the tens digit of 115693978?
7
What is the hundred thousands digit of 1204563944?
5
What is the hundred thousands digit of 2206429?
2
What is the tens digit of 683320172?
7
What is the ten thousands digit of 376552694?
5
What is the ten thousands digit of 70998765?
9
What is the ten millions digit of 85744896?
8
What is the ten thousands digit of 347478167?
7
What is the ten millions digit of 2514700176?
1
What is the ten thousands digit of 948826627?
2
What is the ten thousands digit of 274452471?
5
What is the ten thousands digit of 68348164?
4
What is the tens digit of 220892100?
0
What is the hundreds digit of 43374880?
8
What is the billions digit of 1288976247?
1
What is the ten millions digit of 36606040?
3
What is the ten thousands digit of 4569836926?
3
What is the ten thousands digit of 710061?
1
What is the ten thousands digit of 1061784511?
8
What is the hundred thousands digit of 2238555699?
5
What is the ten millions digit of 28384403?
2
What is the units digit of 3891549538?
8
What is the units digit of 873927169?
9
What is the tens digit of 330030892?
9
What is the hundred millions digit of 4159120022?
1
What is the hundreds digit of 1296054647?
6
What is the millions digit of 492868719?
2
What is the millions digit of 1203089839?
3
What is the units digit of 1158735233?
3
What is the ten thousands digit of 8833195107?
9
What is the ten millions digit of 340176790?
4
What is the ten millions digit of 20107502?
2
What is the hundred millions digit of 6501419729?
5
What is the hundred thousands digit of 191425650?
4
What is the ten thousands digit of 477319305?
1
What is the ten millions digit of 191893480?
9
What is the ten thousands digit of 28903459?
0
What is the millions digit of 295736355?
5
What is the tens digit of 864932736?
3
What is the units digit of 218714373?
3
What is the tens digit of 2394375715?
1
What is the tens digit of 140291798?
9
What is the thousands digit of 436960082?
0
What is the millions digit of 36744767?
6
What is the hundred millions digit of 1000389959?
0
What is the ten thousands digit of 90463089?
6
What is the units digit of 552252894?
4
What is the ten thousands digit of 3197089522?
8
What is the hundreds digit of 1010372520?
5
What is the hundreds digit of 466391157?
1
What is the hundreds digit of 102647028?
0
What is the ten millions digit of 145629880?
4
What is the ten millions digit of 69416764?
6
What is the units digit of 159505821?
1
What is the units digit of 9202705?
5
What is the hundreds digit of 67392229?
2
What is the ten thousands digit of 650372195?
7
What is the millions digit of 14115184?
4
What is the millions digit of 8743727?
8
What is the ten thousands digit of 116188603?
8
What is the ten millions digit of 128349658?
2
What is the hundred thousands digit of 59147161?
1
What is the thousands digit of 1590024587?
4
What is the tens digit of 11038094?
9
What is the millions digit of 53955432?
3
What is the ten thousands digit of 2461855404?
5
What is the ten millions digit of 462264485?
6
What is the thousands digit of 217513536?
3
What is the ten millions digit of 13865104?
1
What is the thousands digit of 154144052?
4
What is the hundred thousands digit of 1301352603?
3
What is the ten thousands digit of 95986658?
8
What is the hundred thousands digit of 2384220502?
2
What is the hundreds digit of 397272204?
2
What is the thousands digit of 801405148?
5
What is the ten thousands digit of 33461095?
6
What is the ten thousands digit of 243494528?
9
What is the units digit of 42212423?
3
What is the hundred thousands digit of 2158384836?
3
What is the ten millions digit of 3570403345?
7
What is the thousands digit of 2206686820?
6
What is the millions digit of 1130231595?
0
What is the hundreds digit of 5398451488?
4
What is the hundreds digit of 172639610?
6
What is the thousands digit of 6006570?
6
What is the millions digit of 8203629?
8
What is the units digit of 248430844?
4
What is t